me factors of 90496.
2, 7, 101
List the prime factors of 572401.
23, 41, 607
List the prime factors of 36855754.
2, 13, 881, 1609
List the prime factors of 250708.
2, 233, 269
What are the prime factors of 2489827?
31, 80317
List the prime factors of 400981.
7, 57283
List the prime factors of 15741991.
41, 383951
List the prime factors of 16652213.
137, 197, 617
What are the prime factors of 181654?
2, 11, 23, 359
What are the prime factors of 240865?
5, 67, 719
What are the prime factors of 281005?
5, 43, 1307
What are the prime factors of 1265184?
2, 3, 23, 191
List the prime factors of 207584.
2, 13, 499
List the prime factors of 26445456.
2, 3, 103, 1783
What are the prime factors of 627516?
2, 3, 17431
What are the prime factors of 349231?
17, 20543
What are the prime factors of 198390?
2, 3, 5, 17, 389
List the prime factors of 13826746.
2, 17, 53, 7673
List the prime factors of 3273199.
23, 61, 2333
What are the prime factors of 2881007?
17, 169471
List the prime factors of 34967420.
2, 5, 257, 6803
What are the prime factors of 3520883?
37, 43, 2213
List the prime factors of 296569.
7, 13, 3259
List the prime factors of 1513552.
2, 94597
List the prime factors of 1963874.
2, 11, 17, 59, 89
List the prime factors of 210468.
2, 3, 17539
What are the prime factors of 361654?
2, 211, 857
List the prime factors of 153583.
383, 401
What are the prime factors of 265679?
379, 701
List the prime factors of 810956.
2, 29, 6991
What are the prime factors of 7839325?
5, 13, 24121
List the prime factors of 9253571.
67, 138113
List the prime factors of 6548946.
2, 3, 103, 10597
What are the prime factors of 1783167?
3, 23, 43, 601
List the prime factors of 4897795.
5, 7, 19991
What are the prime factors of 899778?
2, 3, 11, 13633
What are the prime factors of 21625081?
41, 527441
List the prime factors of 27768.
2, 3, 13, 89
List the prime factors of 924093.
3, 102677
What are the prime factors of 1531413?
3, 13, 4363
What are the prime factors of 510?
2, 3, 5, 17
What are the prime factors of 1066332?
2, 3, 88861
What are the prime factors of 1764044?
2, 441011
What are the prime factors of 243993?
3, 81331
What are the prime factors of 8028905?
5, 73, 21997
List the prime factors of 13182312.
2, 3, 11, 13, 23, 167
List the prime factors of 3269936.
2, 204371
List the prime factors of 2030556.
2, 3, 11, 15383
What are the prime factors of 34166256?
2, 3, 19, 37463
List the prime factors of 649653.
3, 216551
List the prime factors of 123283.
113, 1091
List the prime factors of 468228.
2, 3, 39019
List the prime factors of 618949.
151, 4099
What are the prime factors of 78649?
78649
What are the prime factors of 320287?
11, 2647
What are the prime factors of 31351084?
2, 1297, 6043
What are the prime factors of 190949?
11, 17359
What are the prime factors of 1367419?
23, 59453
What are the prime factors of 4957143?
3, 53, 31177
List the prime factors of 31310439.
3, 53, 191, 1031
List the prime factors of 9098980.
2, 5, 11, 59, 701
List the prime factors of 488576.
2, 11, 347
What are the prime factors of 932510?
2, 5, 93251
What are the prime factors of 241348?
2, 60337
List the prime factors of 455968.
2, 14249
What are the prime factors of 19363190?
2, 5, 7, 11, 25147
List the prime factors of 4345192.
2, 543149
List the prime factors of 9462591.
3, 17, 23, 2689
What are the prime factors of 4956041?
587, 8443
List the prime factors of 154378.
2, 7, 11027
List the prime factors of 926535.
3, 5, 19, 3251
What are the prime factors of 680540?
2, 5, 7, 4861
What are the prime factors of 1692204?
2, 3, 83, 1699
What are the prime factors of 4788705?
3, 5, 131, 2437
What are the prime factors of 514037?
113, 4549
List the prime factors of 328042.
2, 11, 13, 31, 37
List the prime factors of 189113.
281, 673
List the prime factors of 414088.
2, 191, 271
What are the prime factors of 55490?
2, 5, 31, 179
List the prime factors of 1307153.
1307153
What are the prime factors of 490585?
5, 59, 1663
What are the prime factors of 3225553?
1129, 2857
What are the prime factors of 26010?
2, 3, 5, 17
What are the prime factors of 8947115?
5, 23, 77801
List the prime factors of 18761.
73, 257
List the prime factors of 436038.
2, 3, 72673
List the prime factors of 9421004.
2, 67, 35153
What are the prime factors of 1811119?
1811119
List the prime factors of 393839.
17, 23167
What are the prime factors of 1311196?
2, 327799
List the prime factors of 114802.
2, 61, 941
What are the prime factors of 37365?
3, 5, 47, 53
What are the prime factors of 4757698?
2, 11, 216259
List the prime factors of 668666.
2, 334333
What are the prime factors of 210735?
3, 5, 7, 223
List the prime factors of 1192080.
2, 3, 5, 4967
List the prime factors of 8625587.
8625587
What are the prime factors of 1650873?
3, 7, 127, 619
List the prime factors of 278075.
5, 7, 227
List the prime factors of 106939.
7, 15277
What are the prime factors of 1293096?
2, 3, 7, 43, 179
List the prime factors of 5520919.
5520919
What are the prime factors of 432868?
2, 108217
What are the prime factors of 11094?
2, 3, 43
List the prime factors of 22478700.
2, 3, 5, 74929
What are the prime factors of 187934?
2, 93967
What are the prime factors of 8586618?
2, 3, 47, 30449
List the prime factors of 169167.
3, 17, 31, 107
What are the prime factors of 4034839?
179, 22541
List the prime factors of 307724.
2, 19, 4049
List the prime factors of 1016777.
1016777
What are the prime factors of 313076?
2, 23, 41, 83
List the prime factors of 610790.
2, 5, 103, 593
List the prime factors of 2157173.
2157173
List the prime factors of 5288562.
2, 3, 101, 2909
What are the prime factors of 1978803?
3, 83, 883
List the prime factors of 1726078.
2, 17, 50767
List the prime factors of 8022763.
7, 29, 39521
List the prime factors of 288870.
2, 3, 5, 9629
List the prime factors of 252943.
17, 14879
What are the prime factors of 18699520?
2, 5, 7, 2087
What are the prime factors of 2603483?
2603483
List the prime factors of 22105042.
2, 67, 164963
What are the prime factors of 5606935?
5, 1121387
List the prime factors of 15895160.
2, 5, 397379
List the prime factors of 2550184.
2, 7, 13, 31, 113
What are the prime factors of 8875424?
2, 23, 31, 389
What are the prime factors of 3651703?
11, 331973
What are the prime factors of 654349?
654349
List the prime factors of 5089462.
2, 7, 363533
What are the prime factors of 7376566?
2, 67, 55049
List the prime factors of 442985.
5, 19, 4663
List the prime factors of 50844.
2, 3, 19, 223
List the prime factors of 2032428.
2, 3, 169369
What are the prime factors of 1144616?
2, 11, 13007
What are the prime factors of 21111898?
2, 10555949
What are the prime factors of 206235?
3, 5, 4583
List the prime factors of 3375238.
2, 233, 7243
List the prime factors of 355840.
2, 5, 139
List the prime factors of 2589185.
5, 17, 83, 367
What are the prime factors of 1943703?
3, 193, 373
What are the prime factors of 298227?
3, 99409
List the prime factors of 272104.
2, 7, 43, 113
List the prime factors of 16547396.
2, 23, 131, 1373
What are the prime factors of 66678?
2, 3, 11113
What are the prime factors of 6019809?
3, 2006603
What are the prime factors of 3626990?
2, 5, 47, 7717
List the prime factors of 1215571.
7, 211, 823
What are the prime factors of 535494?
2, 3, 31, 2879
List the prime factors of 330281.
7, 29, 1627
What are the prime factors of 983245?
5, 29, 6781
What are the prime factors of 9304284?
2, 3, 11, 70487
List the prime factors of 39824824.
2, 13, 167, 2293
What are the prime factors of 7322633?
37, 197909
What are the prime factors of 150260?
2, 5, 11, 683
What are the prime factors of 814247?
7, 293, 397
List the prime factors of 868842.
2, 3, 13, 47, 79
What are the prime factors of 23012726?
2, 11, 31, 41, 823
List the prime factors of 2266639.
2266639
List the prime factors of 25995.
3, 5, 1733
List the prime factors of 1415803.
1415803
What are the prime factors of 1543489?
1543489
List the prime factors of 2813462.
2, 199, 7069
List the prime factors of 671188.
2, 7, 23971
What are the prime factors of 353945?
5, 29, 2441
List the prime factors of 1116217.
31, 36007
What are the prime factors of 10259282?
2, 11, 466331
List the prime factors of 1425342.
2, 3, 1